0)/(-9). Calculate the greatest common divisor of 266 and v.
14
Let q = 509 + -341. Suppose -4*s - 25 + 108 = 3*u, -5*u = s - 110. Calculate the greatest common factor of q and u.
21
Let z(l) = -l**3 + 7*l**2 - 10*l + 15. Let p be z(6). Let r be (-1311)/(-24) + p/(-24). Let w = r - -33. Calculate the highest common factor of w and 8.
8
Suppose 4*l - 8*r + 7*r - 454 = 0, -5*r + 580 = 5*l. Let v = l - 59. Calculate the highest common divisor of 10 and v.
5
Let p = -886 - -942. Calculate the greatest common divisor of p and 1064.
56
Suppose 6*r + 378 = 12*r. Let s be ((-3)/(-2))/(r/3570). Calculate the highest common divisor of 34 and s.
17
Suppose -4*s + i + 97 = 0, -266*i = s - 271*i - 48. Calculate the highest common divisor of s and 11592.
23
Let s = 47 + -41. Suppose -o - 565 = -s*o. Let j = -73 + o. Calculate the highest common divisor of j and 8.
8
Let r = 2655 - 2330. Calculate the greatest common divisor of r and 455.
65
Suppose 0 = -4*d + 4885 - 1805. Let n(b) = -b**2 - 25*b - 56. Let p be n(-18). What is the greatest common factor of d and p?
70
Suppose -5*h - d + 417 = 2*d, -1 = d. Let w be 812/70 - (-8)/20. Calculate the highest common factor of w and h.
12
Let i be (-440)/(-5) - (6 - (-2 - -5)). Let n = 99 - i. What is the highest common factor of 350 and n?
14
Let i(o) = 413*o**2 - 157*o - 478. Let c be i(-3). What is the greatest common factor of 7 and c?
7
Let n = 7013 - 6829. What is the highest common divisor of 9016 and n?
184
Let d(r) = 103*r + 4750. Let g be d(-46). What is the highest common divisor of 2532 and g?
12
Let s = 201 + -173. Let x(j) = j**2 + 6*j - 6. Let v be x(-8). Suppose v + 6 = 4*i. What is the greatest common divisor of i and s?
4
Let q = 362 + -336. Suppose -2*g + 46 = 5*b, 4*b - 8*b = -2*g - q. Calculate the greatest common divisor of 124 and b.
4
Suppose -i + 24 = 5*b - 3*i, 0 = -3*b - 3*i + 6. Suppose -2*y = -4, b*h - 5*y - 54 = -4*y. Let l = 103 - 68. Calculate the highest common divisor of l and h.
7
Let r = -229 + 234. Suppose v = 5*h - 415, -r*h + v = -3*v - 400. Calculate the greatest common divisor of 28 and h.
28
Suppose -b + 3*q = -188, q - 2*q + 348 = 2*b. What is the greatest common factor of 462 and b?
22
Let q = -409 - -1008. Let t = 613 - q. What is the greatest common divisor of t and 434?
14
Let b = 248 + -214. Suppose 0 = 12*i + 312 - 2148. What is the highest common divisor of i and b?
17
Suppose 0*u + 24*u = 3*u + 4641. What is the highest common factor of u and 6409?
221
Let s = 3999 - 3814. Suppose 4*i - 5*u = 55, 0 = -5*i + 3*u + 45 + 14. What is the greatest common divisor of i and s?
5
Suppose 5*m - 136 = 2*z, 0 = 4*m - 5*z - 73 - 46. Suppose 0 = 3*t - 5*p - 551, 4*p + 603 = 5*t - 311. What is the highest common divisor of t and m?
26
Let r be 5 - (-4 - -9 - 2). Suppose 0 = 5*f - 4*x + 239, -r*f + 3*f - x = -47. Let a = f + 117. Calculate the greatest common factor of a and 6.
6
Let n(d) = 3*d**2 + 17*d + 44. Let l be n(-7). Calculate the greatest common divisor of 522 and l.
18
Let y(l) = l**3 + 71*l**2 + 72*l + 146. Let f be y(-70). What is the highest common divisor of 22 and f?
2
Let a be 808/303 - 112/(-36)*12. Let w be 1/(-4) + 4644/16. What is the greatest common factor of w and a?
10
Suppose -10 = 200*b - 195*b. Let x be (b + -4 + 3)*(-4 - 4). Calculate the highest common divisor of x and 168.
24
Suppose 5*g - 165 = -2*z, -2*z = -z - 5*g - 30. Let h be 2*(-1 + -12)*-2. Calculate the highest common factor of z and h.
13
Let f = 9 + 36. Let t = 1107 + -1092. Calculate the greatest common divisor of t and f.
15
Suppose -809 - 199 = -23*w + 786. Let u = 79 - -38. What is the greatest common divisor of w and u?
39
Let l(m) = 28*m + 207. Let p(k) = 29*k + 208. Let d(q) = -2*l(q) + 3*p(q). Let a be d(18). Calculate the highest common factor of 12 and a.
12
Suppose 4*j - 28 = 4*t, -34*j + 37*j - 11 = t. Suppose -2*o - 5 + 11 = 0, j*m - 22 = -4*o. What is the highest common factor of 1 and m?
1
Let w be (-4365)/8 - 126/336. Let d = w + 603. Calculate the highest common divisor of d and 171.
57
Suppose -3*g = -14 - 25. Suppose 24 = 86*b - 80*b. Let r be (-3)/(-6) - (-310)/b. What is the greatest common factor of r and g?
13
Let f(x) = 9*x**3 + 135*x**2 + 4*x + 68. Let p be f(-15). What is the greatest common divisor of p and 394?
2
Suppose -271 - 54 = 2*a - 15*a. What is the greatest common divisor of 120 and a?
5
Suppose 5*y = 4*x + 6, 2*y - 6*y - 5*x = -13. Suppose 3*z = -y*b + 746, 2 - 4 = b. What is the highest common divisor of z and 20?
10
Suppose 26*a - 3240 = 2844. What is the highest common factor of a and 208?
26
Let y be (3 + (-216)/56)*(-1470)/(49/7). Calculate the highest common factor of 576 and y.
36
Suppose -425*p - 82*p + 9346 + 8906 = 0. Let l be (12 - 3)/(1/7). What is the greatest common factor of p and l?
9
Let h = -84 - -72. Let w be (-28)/(-2)*(54/h)/(-3). Calculate the greatest common factor of 168 and w.
21
Let b = -346 + 354. Suppose 47*v - b*v - 1014 = 0. Calculate the greatest common divisor of 13 and v.
13
Suppose -602 = -6*b + 1276. Suppose -z - 3*x = -x - 67, -b = -5*z + x. What is the highest common divisor of z and 21?
21
Suppose -25*k + 20 = -20*k. Suppose -4*r = 2*y - 20 - 34, -4 = -k*y. Let c be (156/24)/(2/36). Calculate the highest common divisor of r and c.
13
Let b(f) = 137*f**2 + 151*f - 314. Let l be b(2). Calculate the greatest common divisor of l and 1273.
67
Let n be (-282)/4*(-3820)/1146. What is the greatest common factor of 611 and n?
47
Let x be 58*(-6)/(-16)*(-32)/(-24). Suppose -91 - x = -4*z. Let g = z + -7. What is the highest common factor of g and 92?
23
Let h = -30 - -33. Suppose 24 = h*i + 9*i. Suppose i*w - 89 = 9. Calculate the greatest common divisor of w and 7.
7
Suppose -5*j + 30 = k, 2*j - 116 = -3*k - 0*j. Let s be 6608/132 + 0 + (-116)/1914. Calculate the highest common divisor of k and s.
10
Let g(u) = 5*u + 308. Let t be g(-28). Suppose 206*z = 199*z + t. What is the highest common divisor of z and 222?
6
Let n = -135 + -35. Let g = -163 - n. Let y(b) = b**3 + 7*b**2 + 6*b + 4. Let i be y(-4). What is the greatest common divisor of g and i?
7
Let s(q) = q**3 + 3*q**2 - 6*q + 3. Let c be s(4). Let o = c - 59. Let n be (-5)/3 - 980/(-12). What is the greatest common divisor of n and o?
16
Let n = 1563 + -1360. Calculate the greatest common factor of n and 87.
29
Let b = -194 - -292. Let y be 42/b + (-1212)/(-14). Calculate the greatest common divisor of 58 and y.
29
Let i be (-50)/175 + (0 - 3236/(-7)). Let w be (i/55)/((-2)/(-10)). What is the greatest common divisor of 399 and w?
21
Let n be ((-210)/(-126))/(1/24). Let k be 242 - (-4 + n/5). Calculate the highest common factor of k and 14.
14
Let b(n) = n**2 + 7*n - 2. Suppose -19 = 6*l - 49. Suppose 4*u = -3*j - 24, -65 = 6*u - u - l*j. Let y be b(u). What is the greatest common factor of y and 40?
8
Let b(w) = 4*w**2 + 7*w - 11. Let o be b(4). Suppose 3*q + 23 = 5*u + 30, -4*q + 56 = 5*u. Calculate the greatest common divisor of o and q.
9
Let c(h) = 2*h**3 + 12*h**2 + 6*h - 18. Let q be c(-4). Suppose 5*o + 102 = 4*s, 48 = 24*s - q*s - o. What is the greatest common factor of s and 437?
23
Let z(h) = -h**3 + 17*h**2 + 7*h + 42. Let s be z(17). Let k = s - 88. Suppose -17 = -b + 2*g - 1, 5*b = 3*g + k. What is the highest common factor of 98 and b?
14
Let l be 30/6 + -6 + 212*1. Let p = l - -42. Suppose -23*q + 115 = -18*q. Calculate the highest common factor of p and q.
23
Suppose 15 = -22*n + 389. Suppose 10*j = n + 1503. What is the highest common divisor of 19 and j?
19
Let f be ((-2640)/1188)/((4/(-12 - 0))/3). Let x be 10/(-3)*(-648)/6. What is the highest common factor of x and f?
20
Suppose -2*x + 1305 - 363 = -2*w, -1409 = -3*x + 5*w. Let g(q) = 5*q**2 - 2445*q + 12111. Let p be g(5). What is the greatest common factor of p and x?
11
Let d be (-1)/(1/(-23)) + 4. Let w be 0 + -8 + 5 - -300. What is the greatest common factor of w and d?
27
Let v(z) be the third derivative of -z**4/24 + 13*z**3/2 + 52*z**2. Let x be v(20). Calculate the highest common divisor of x and 437.
19
Suppose 7*p + 176 = -139. Suppose s = -3*s + 200. Let v = s + p. Calculate the greatest common factor of 5 and v.
5
Let n = -79 + 93. Suppose -13*u + 16*u - 15 = 0. Suppose u + 51